{"id":2,"date":"2019-09-06T12:41:26","date_gmt":"2019-09-06T10:41:26","guid":{"rendered":"http:\/\/alle-im-digitalen-wandel.de\/wordpress\/?page_id=2"},"modified":"2020-01-22T13:06:59","modified_gmt":"2020-01-22T12:06:59","slug":"team","status":"publish","type":"page","link":"https:\/\/alle-im-digitalen-wandel.de\/home\/team\/","title":{"rendered":"Team"},"content":{"rendered":"<div id=\"pl-gb2-69ef79c5f1ae0\"  class=\"panel-layout\" ><div id=\"pg-gb2-69ef79c5f1ae0-0\"  class=\"panel-grid panel-has-style\" ><div class=\"siteorigin-panels-stretch panel-row-style panel-row-style-for-gb2-69ef79c5f1ae0-0\" data-stretch-type=\"full-stretched\" ><div id=\"pgc-gb2-69ef79c5f1ae0-0-0\"  class=\"panel-grid-cell\" ><div id=\"panel-gb2-69ef79c5f1ae0-0-0-0\" class=\"so-panel widget widget_lsow-hero-image panel-first-child panel-last-child\" data-index=\"0\" ><div\n\t\t\t\n\t\t\tclass=\"so-widget-lsow-hero-image so-widget-lsow-hero-image-default-d3e88ab07c44-2\"\n\t\t\t\n\t\t>\n\n<div class=\"lsow-hero-header lsow-section-bg-cover\" >\n\n    <div class=\"lsow-background\">\n\n        \n            \n            \n                \n                    <div class=\"lsow-image-bg\"\n                         style=\"background-image: url(https:\/\/alle-im-digitalen-wandel.de\/wp-content\/uploads\/2019\/09\/photo_2019-09-06_12-07-46-1.jpg);\"><\/div>\n\n                \n            \n        \n    <\/div><!-- .lsow-background -->\n\n    \n        <div class=\"lsow-overlay\" style=\"background-color: rgba(51, 51, 51, 0.3);\"><\/div>\n\n    \n    <div class=\"lsow-header-content\">\n\n        \n            <div class=\"lsow-standard-header\">\n\n                \n                <h3 class=\"lsow-heading\">Unser Team<\/h3>\n                \n            <\/div>\n\n        \n\n    <\/div>\n\n    \n<\/div><\/div><\/div><\/div><\/div><\/div><div id=\"pg-gb2-69ef79c5f1ae0-1\"  class=\"panel-grid panel-has-style\" ><div class=\"siteorigin-panels-stretch panel-row-style panel-row-style-for-gb2-69ef79c5f1ae0-1\" data-stretch-type=\"full\" ><div id=\"pgc-gb2-69ef79c5f1ae0-1-0\"  class=\"panel-grid-cell panel-grid-cell-empty\" ><\/div><div id=\"pgc-gb2-69ef79c5f1ae0-1-1\"  class=\"panel-grid-cell\" ><div id=\"panel-gb2-69ef79c5f1ae0-1-1-0\" class=\"so-panel widget widget_media_image panel-first-child\" data-index=\"1\" ><h3 class=\"widget-title\">Prof. Dr. Werner Stork<\/h3><img width=\"300\" height=\"300\" src=\"https:\/\/alle-im-digitalen-wandel.de\/wp-content\/uploads\/2020\/01\/Stork-300x300.png\" class=\"image wp-image-653  attachment-medium size-medium\" alt=\"\" decoding=\"async\" loading=\"lazy\" style=\"max-width: 100%; height: auto;\" srcset=\"https:\/\/alle-im-digitalen-wandel.de\/wp-content\/uploads\/2020\/01\/Stork-300x300.png 300w, https:\/\/alle-im-digitalen-wandel.de\/wp-content\/uploads\/2020\/01\/Stork-150x150.png 150w, https:\/\/alle-im-digitalen-wandel.de\/wp-content\/uploads\/2020\/01\/Stork.png 420w\" sizes=\"(max-width: 300px) 100vw, 300px\" \/><\/div><div id=\"panel-gb2-69ef79c5f1ae0-1-1-1\" class=\"so-panel widget widget_text panel-last-child\" data-index=\"2\" >\t\t\t<div class=\"textwidget\"><p>Nachhaltige Unternehmensf\u00fchrung,Corporate Learning, Corporate Health &amp; Transformationsmanagement.<\/p>\n<\/div>\n\t\t<\/div><\/div><div id=\"pgc-gb2-69ef79c5f1ae0-1-2\"  class=\"panel-grid-cell\" ><div id=\"panel-gb2-69ef79c5f1ae0-1-2-0\" class=\"so-panel widget widget_media_image panel-first-child\" data-index=\"3\" ><h3 class=\"widget-title\">Prof. Dr. Pia Sue Helferich<\/h3><img width=\"300\" height=\"300\" src=\"https:\/\/alle-im-digitalen-wandel.de\/wp-content\/uploads\/2020\/01\/Pia-300x300.png\" class=\"image wp-image-654  attachment-medium size-medium\" alt=\"\" decoding=\"async\" loading=\"lazy\" style=\"max-width: 100%; height: auto;\" srcset=\"https:\/\/alle-im-digitalen-wandel.de\/wp-content\/uploads\/2020\/01\/Pia-300x300.png 300w, https:\/\/alle-im-digitalen-wandel.de\/wp-content\/uploads\/2020\/01\/Pia-150x150.png 150w, https:\/\/alle-im-digitalen-wandel.de\/wp-content\/uploads\/2020\/01\/Pia.png 420w\" sizes=\"(max-width: 300px) 100vw, 300px\" \/><\/div><div id=\"panel-gb2-69ef79c5f1ae0-1-2-1\" class=\"so-panel widget widget_text panel-last-child\" data-index=\"4\" >\t\t\t<div class=\"textwidget\"><p>Onlinekommunikation, Public Relations, Erwachsenenbildung &amp; Kommunikation im Mittelstand<\/p>\n<\/div>\n\t\t<\/div><\/div><div id=\"pgc-gb2-69ef79c5f1ae0-1-3\"  class=\"panel-grid-cell panel-grid-cell-mobile-last\" ><div id=\"panel-gb2-69ef79c5f1ae0-1-3-0\" class=\"so-panel widget widget_media_image panel-first-child\" data-index=\"5\" ><h3 class=\"widget-title\">Prof. Dr. Thomas Pleil<\/h3><img width=\"300\" height=\"300\" src=\"https:\/\/alle-im-digitalen-wandel.de\/wp-content\/uploads\/2020\/01\/Pleil-300x300.png\" class=\"image wp-image-656  attachment-medium size-medium\" alt=\"\" decoding=\"async\" loading=\"lazy\" style=\"max-width: 100%; height: auto;\" srcset=\"https:\/\/alle-im-digitalen-wandel.de\/wp-content\/uploads\/2020\/01\/Pleil-300x300.png 300w, https:\/\/alle-im-digitalen-wandel.de\/wp-content\/uploads\/2020\/01\/Pleil-150x150.png 150w, https:\/\/alle-im-digitalen-wandel.de\/wp-content\/uploads\/2020\/01\/Pleil.png 420w\" sizes=\"(max-width: 300px) 100vw, 300px\" \/><\/div><div id=\"panel-gb2-69ef79c5f1ae0-1-3-1\" class=\"so-panel widget widget_text panel-last-child\" data-index=\"6\" >\t\t\t<div class=\"textwidget\"><p>Onlinekommunikation, Social Media, Wissenschaftskommunikation und Lebenslanges Lernen<\/p>\n<\/div>\n\t\t<\/div><\/div><div id=\"pgc-gb2-69ef79c5f1ae0-1-4\"  class=\"panel-grid-cell panel-grid-cell-empty\" ><\/div><\/div><\/div><div id=\"pg-gb2-69ef79c5f1ae0-2\"  class=\"panel-grid panel-no-style\" ><div id=\"pgc-gb2-69ef79c5f1ae0-2-0\"  class=\"panel-grid-cell panel-grid-cell-empty\" ><\/div><div id=\"pgc-gb2-69ef79c5f1ae0-2-1\"  class=\"panel-grid-cell\" ><div id=\"panel-gb2-69ef79c5f1ae0-2-1-0\" class=\"so-panel widget widget_media_image panel-first-child\" data-index=\"7\" ><h3 class=\"widget-title\">Maximilian Grund (M.Sc.)<\/h3><img width=\"300\" height=\"300\" src=\"https:\/\/alle-im-digitalen-wandel.de\/wp-content\/uploads\/2020\/01\/Max-300x300.png\" class=\"image wp-image-664  attachment-medium size-medium\" alt=\"\" decoding=\"async\" loading=\"lazy\" style=\"max-width: 100%; height: auto;\" srcset=\"https:\/\/alle-im-digitalen-wandel.de\/wp-content\/uploads\/2020\/01\/Max-300x300.png 300w, https:\/\/alle-im-digitalen-wandel.de\/wp-content\/uploads\/2020\/01\/Max-150x150.png 150w, https:\/\/alle-im-digitalen-wandel.de\/wp-content\/uploads\/2020\/01\/Max.png 420w\" sizes=\"(max-width: 300px) 100vw, 300px\" \/><\/div><div id=\"panel-gb2-69ef79c5f1ae0-2-1-1\" class=\"so-panel widget widget_text panel-last-child\" data-index=\"8\" >\t\t\t<div class=\"textwidget\"><p>Resilienz, Mindset, agiles Projektmanagement &amp; Innovationsmanagement<\/p>\n<\/div>\n\t\t<\/div><\/div><div id=\"pgc-gb2-69ef79c5f1ae0-2-2\"  class=\"panel-grid-cell panel-grid-cell-mobile-last\" ><div id=\"panel-gb2-69ef79c5f1ae0-2-2-0\" class=\"so-panel widget widget_media_image panel-first-child\" data-index=\"9\" ><h3 class=\"widget-title\">Jakob B\u00fcrkner (M.Sc.)<\/h3><img width=\"300\" height=\"300\" src=\"https:\/\/alle-im-digitalen-wandel.de\/wp-content\/uploads\/2020\/01\/Jakob-300x300.png\" class=\"image wp-image-657  attachment-medium size-medium\" alt=\"\" decoding=\"async\" loading=\"lazy\" style=\"max-width: 100%; height: auto;\" srcset=\"https:\/\/alle-im-digitalen-wandel.de\/wp-content\/uploads\/2020\/01\/Jakob-300x300.png 300w, https:\/\/alle-im-digitalen-wandel.de\/wp-content\/uploads\/2020\/01\/Jakob-150x150.png 150w, https:\/\/alle-im-digitalen-wandel.de\/wp-content\/uploads\/2020\/01\/Jakob.png 420w\" sizes=\"(max-width: 300px) 100vw, 300px\" \/><\/div><div id=\"panel-gb2-69ef79c5f1ae0-2-2-1\" class=\"so-panel widget widget_text panel-last-child\" data-index=\"10\" >\t\t\t<div class=\"textwidget\"><p>Projektmanagement, Zukunftskompetenzen &amp; Personalmanagement<\/p>\n<\/div>\n\t\t<\/div><\/div><div id=\"pgc-gb2-69ef79c5f1ae0-2-3\"  class=\"panel-grid-cell panel-grid-cell-empty\" ><\/div><\/div><div id=\"pg-gb2-69ef79c5f1ae0-3\"  class=\"panel-grid panel-no-style\" ><div id=\"pgc-gb2-69ef79c5f1ae0-3-0\"  class=\"panel-grid-cell panel-grid-cell-empty\" ><\/div><div id=\"pgc-gb2-69ef79c5f1ae0-3-1\"  class=\"panel-grid-cell\" ><div id=\"panel-gb2-69ef79c5f1ae0-3-1-0\" class=\"so-panel widget widget_media_image panel-first-child\" data-index=\"11\" ><h3 class=\"widget-title\">Hannah Sch\u00fcrr (M.A.)<\/h3><img width=\"300\" height=\"300\" src=\"https:\/\/alle-im-digitalen-wandel.de\/wp-content\/uploads\/2020\/01\/Hannah-300x300.png\" class=\"image wp-image-791  attachment-medium size-medium\" alt=\"\" decoding=\"async\" loading=\"lazy\" style=\"max-width: 100%; height: auto;\" srcset=\"https:\/\/alle-im-digitalen-wandel.de\/wp-content\/uploads\/2020\/01\/Hannah-300x300.png 300w, https:\/\/alle-im-digitalen-wandel.de\/wp-content\/uploads\/2020\/01\/Hannah-150x150.png 150w, https:\/\/alle-im-digitalen-wandel.de\/wp-content\/uploads\/2020\/01\/Hannah.png 420w\" sizes=\"(max-width: 300px) 100vw, 300px\" \/><\/div><div id=\"panel-gb2-69ef79c5f1ae0-3-1-1\" class=\"so-panel widget widget_text panel-last-child\" data-index=\"12\" >\t\t\t<div class=\"textwidget\"><p>Media Konzeption, Ver\u00e4nderungskommunikation , Online Journalismus &amp; Entrepreneurship.<\/p>\n<\/div>\n\t\t<\/div><\/div><div id=\"pgc-gb2-69ef79c5f1ae0-3-2\"  class=\"panel-grid-cell panel-grid-cell-mobile-last\" ><div id=\"panel-gb2-69ef79c5f1ae0-3-2-0\" class=\"so-panel widget widget_media_image panel-first-child\" data-index=\"13\" ><h3 class=\"widget-title\">Dr. Jochen Robes<\/h3><img width=\"300\" height=\"300\" src=\"https:\/\/alle-im-digitalen-wandel.de\/wp-content\/uploads\/2020\/01\/Joachim-300x300.png\" class=\"image wp-image-665  attachment-medium size-medium\" alt=\"\" decoding=\"async\" loading=\"lazy\" style=\"max-width: 100%; height: auto;\" srcset=\"https:\/\/alle-im-digitalen-wandel.de\/wp-content\/uploads\/2020\/01\/Joachim-300x300.png 300w, https:\/\/alle-im-digitalen-wandel.de\/wp-content\/uploads\/2020\/01\/Joachim-150x150.png 150w, https:\/\/alle-im-digitalen-wandel.de\/wp-content\/uploads\/2020\/01\/Joachim.png 420w\" sizes=\"(max-width: 300px) 100vw, 300px\" \/><\/div><div id=\"panel-gb2-69ef79c5f1ae0-3-2-1\" class=\"so-panel widget widget_text panel-last-child\" data-index=\"14\" >\t\t\t<div class=\"textwidget\"><p>Fragen digitaler Bildung (E-Learning), Bildungstechnologien, Lebenslanges Lernen &amp; MOOCs.<\/p>\n<\/div>\n\t\t<\/div><\/div><div id=\"pgc-gb2-69ef79c5f1ae0-3-3\"  class=\"panel-grid-cell panel-grid-cell-empty\" ><\/div><\/div><div id=\"pg-gb2-69ef79c5f1ae0-4\"  class=\"panel-grid panel-has-style\" ><div class=\"panel-row-style panel-row-style-for-gb2-69ef79c5f1ae0-4\" ><div id=\"pgc-gb2-69ef79c5f1ae0-4-0\"  class=\"panel-grid-cell\" ><div id=\"panel-gb2-69ef79c5f1ae0-4-0-0\" class=\"so-panel widget widget_text panel-first-child panel-last-child\" data-index=\"15\" ><h3 class=\"widget-title\">Unsere Partner<\/h3>\t\t\t<div class=\"textwidget\"><\/div>\n\t\t<\/div><\/div><\/div><\/div><div id=\"pg-gb2-69ef79c5f1ae0-5\"  class=\"panel-grid panel-no-style\" ><div id=\"pgc-gb2-69ef79c5f1ae0-5-0\"  class=\"panel-grid-cell\" ><div id=\"panel-gb2-69ef79c5f1ae0-5-0-0\" class=\"so-panel widget widget_media_image panel-first-child panel-last-child\" data-index=\"16\" ><a href=\"https:\/\/www.merckgroup.com\/de\"><img width=\"150\" height=\"150\" src=\"https:\/\/alle-im-digitalen-wandel.de\/wp-content\/uploads\/2019\/11\/Merck_Logo.png\" class=\"image wp-image-353  attachment-full size-full\" alt=\"\" decoding=\"async\" loading=\"lazy\" style=\"max-width: 100%; height: auto;\" \/><\/a><\/div><\/div><div id=\"pgc-gb2-69ef79c5f1ae0-5-1\"  class=\"panel-grid-cell\" ><div id=\"panel-gb2-69ef79c5f1ae0-5-1-0\" class=\"so-panel widget widget_text panel-first-child panel-last-child\" data-index=\"17\" ><h3 class=\"widget-title\">Merck KGaA<\/h3>\t\t\t<div class=\"textwidget\"><p>Wir sind Merck, ein lebendiges Wissenschafts- und Technologieunternehmen. Wissenschaft ist das Herzst\u00fcck unserer Arbeit. Sie ist die Grundlage unserer Entdeckungen und der Technologien, die wir entwickeln.<\/p>\n<\/div>\n\t\t<\/div><\/div><\/div><div id=\"pg-gb2-69ef79c5f1ae0-6\"  class=\"panel-grid panel-no-style\" ><div id=\"pgc-gb2-69ef79c5f1ae0-6-0\"  class=\"panel-grid-cell\" ><div id=\"panel-gb2-69ef79c5f1ae0-6-0-0\" class=\"so-panel widget widget_media_image panel-first-child panel-last-child\" data-index=\"18\" ><a href=\"https:\/\/www.kunzlerstrom.de\/\"><img width=\"150\" height=\"150\" src=\"https:\/\/alle-im-digitalen-wandel.de\/wp-content\/uploads\/2019\/11\/KUNZLERSTROM_Logo.png\" class=\"image wp-image-355  attachment-full size-full\" alt=\"\" decoding=\"async\" loading=\"lazy\" style=\"max-width: 100%; height: auto;\" \/><\/a><\/div><\/div><div id=\"pgc-gb2-69ef79c5f1ae0-6-1\"  class=\"panel-grid-cell\" ><div id=\"panel-gb2-69ef79c5f1ae0-6-1-0\" class=\"so-panel widget widget_text panel-first-child panel-last-child\" data-index=\"19\" ><h3 class=\"widget-title\">Kunzler Service GmbH<\/h3>\t\t\t<div class=\"textwidget\"><p>KUNZLERSTROM bedeutet zuverl\u00e4ssige Notstromversorgung \u2013 bei Konzeption, Planung, Ausf\u00fchrung, Abnahme und Betreuung der Anlage. Wir leisten den kompletten Service mit Wartung, Inspektion, Instandsetzung und Reparatur sowie Modernisierung nach den aktuellen Bestimmungen \u2013 auch f\u00fcr bestehende Netzersatzanlagen anderer Hersteller.<\/p>\n<\/div>\n\t\t<\/div><\/div><\/div><div id=\"pg-gb2-69ef79c5f1ae0-7\"  class=\"panel-grid panel-no-style\" ><div id=\"pgc-gb2-69ef79c5f1ae0-7-0\"  class=\"panel-grid-cell\" ><div id=\"panel-gb2-69ef79c5f1ae0-7-0-0\" class=\"so-panel widget widget_media_image panel-first-child panel-last-child\" data-index=\"20\" ><a href=\"https:\/\/finkfuchs.de\/de\/\"><img width=\"150\" height=\"150\" src=\"https:\/\/alle-im-digitalen-wandel.de\/wp-content\/uploads\/2019\/11\/FinkFuchs_Logo.png\" class=\"image wp-image-354  attachment-full size-full\" alt=\"\" decoding=\"async\" loading=\"lazy\" style=\"max-width: 100%; height: auto;\" \/><\/a><\/div><\/div><div id=\"pgc-gb2-69ef79c5f1ae0-7-1\"  class=\"panel-grid-cell\" ><div id=\"panel-gb2-69ef79c5f1ae0-7-1-0\" class=\"so-panel widget widget_text panel-first-child panel-last-child\" data-index=\"21\" ><h3 class=\"widget-title\">Fink &#038; Fuchs AG<\/h3>\t\t\t<div class=\"textwidget\"><p>Seit 30 Jahren gestalten wir die Weiterentwicklung der Kommunikationsbranche mit. Als leidenschaftliche Kommunikatoren tragen wir so zum Erfolg von Unternehmen, KMUs und \u00f6ffentlichen Auftraggebern bei. Kreativ, kompetent und umsetzungsstark.<\/p>\n<\/div>\n\t\t<\/div><\/div><\/div><div id=\"pg-gb2-69ef79c5f1ae0-8\"  class=\"panel-grid panel-no-style\" ><div id=\"pgc-gb2-69ef79c5f1ae0-8-0\"  class=\"panel-grid-cell\" ><div id=\"panel-gb2-69ef79c5f1ae0-8-0-0\" class=\"so-panel widget widget_media_image panel-first-child panel-last-child\" data-index=\"22\" ><a href=\"https:\/\/www.vitronic.de\/\"><img width=\"150\" height=\"150\" src=\"https:\/\/alle-im-digitalen-wandel.de\/wp-content\/uploads\/2019\/11\/VITRONIC_Logo.png\" class=\"image wp-image-358  attachment-full size-full\" alt=\"\" decoding=\"async\" loading=\"lazy\" style=\"max-width: 100%; height: auto;\" \/><\/a><\/div><\/div><div id=\"pgc-gb2-69ef79c5f1ae0-8-1\"  class=\"panel-grid-cell\" ><div id=\"panel-gb2-69ef79c5f1ae0-8-1-0\" class=\"so-panel widget widget_text panel-first-child panel-last-child\" data-index=\"23\" ><h3 class=\"widget-title\">VITRONIC Bildverarbeitungssysteme GmbH<\/h3>\t\t\t<div class=\"textwidget\"><p>Vom Pionier zum Technologief\u00fchrer der Bildverarbeitung: Mit Premium-Technologie und einem leidenschaftlichen Team setzen wir schon heute die Ma\u00dfst\u00e4be f\u00fcr morgen.<\/p>\n<\/div>\n\t\t<\/div><\/div><\/div><div id=\"pg-gb2-69ef79c5f1ae0-9\"  class=\"panel-grid panel-no-style\" ><div id=\"pgc-gb2-69ef79c5f1ae0-9-0\"  class=\"panel-grid-cell\" ><div id=\"panel-gb2-69ef79c5f1ae0-9-0-0\" class=\"so-panel widget widget_media_image panel-first-child panel-last-child\" data-index=\"24\" ><a href=\"https:\/\/www.ladadi.de\/landkreis-verwaltung\/politik\/kreisausschuss.html\"><img width=\"150\" height=\"150\" src=\"https:\/\/alle-im-digitalen-wandel.de\/wp-content\/uploads\/2019\/11\/LADADI_Logo.png\" class=\"image wp-image-356  attachment-full size-full\" alt=\"\" decoding=\"async\" loading=\"lazy\" style=\"max-width: 100%; height: auto;\" \/><\/a><\/div><\/div><div id=\"pgc-gb2-69ef79c5f1ae0-9-1\"  class=\"panel-grid-cell\" ><div id=\"panel-gb2-69ef79c5f1ae0-9-1-0\" class=\"so-panel widget widget_text panel-first-child panel-last-child\" data-index=\"25\" ><h3 class=\"widget-title\">Kreisausschuss des Landkreises Darmstadt-Dieburg<\/h3>\t\t\t<div class=\"textwidget\"><p>Der Landkreis Darmstadt-Dieburg: Region der Zukunft. Immer st\u00e4rker setzt der Landkreis auf die Digitalisierung. Im Projekt \u201eALLE im digitalen Wandel\u201c wird dieses Thema intensiv weiter vertieft &amp; ein Netzwerk aus verschiedenen Akteuren geschaffen.<\/p>\n<\/div>\n\t\t<\/div><\/div><\/div><div id=\"pg-gb2-69ef79c5f1ae0-10\"  class=\"panel-grid panel-no-style\" ><div id=\"pgc-gb2-69ef79c5f1ae0-10-0\"  class=\"panel-grid-cell\" ><div id=\"panel-gb2-69ef79c5f1ae0-10-0-0\" class=\"so-panel widget widget_media_image panel-first-child panel-last-child\" data-index=\"26\" ><a href=\"https:\/\/www.schenck.de\/\"><img width=\"150\" height=\"150\" src=\"https:\/\/alle-im-digitalen-wandel.de\/wp-content\/uploads\/2019\/11\/Schenk_Logo.png\" class=\"image wp-image-357  attachment-full size-full\" alt=\"\" decoding=\"async\" loading=\"lazy\" style=\"max-width: 100%; height: auto;\" \/><\/a><\/div><\/div><div id=\"pgc-gb2-69ef79c5f1ae0-10-1\"  class=\"panel-grid-cell\" ><div id=\"panel-gb2-69ef79c5f1ae0-10-1-0\" class=\"so-panel widget widget_text panel-first-child panel-last-child\" data-index=\"27\" ><h3 class=\"widget-title\">Schenck.de AG<\/h3>\t\t\t<div class=\"textwidget\"><p>Eine\u00a0<a href=\"https:\/\/www.schenck.de\/lernplattform\/\">Lernplattform<\/a>\u00a0bildet die technische Basis der Online-gest\u00fctzten Weiterbildungsma\u00dfnahmen in modernen Unternehmen. Seit dem Jahr 2000 entwickeln wir uns und unsere Lernplattform weiter um Ihre Bildungsprozesse weiter zu verbessern. Dabei behalten wir immer den Lerner im Fokus, denn erst durch die Akzeptanz durch die Teilnehmer wird aus einem Lernplattform Projekt eine Erfolgsgeschichte.<\/p>\n<\/div>\n\t\t<\/div><\/div><\/div><\/div>\n\n\n<pre class=\"wp-block-preformatted\"><\/pre>\n\n\n\n<p><\/p>\n\n\n\n<p><\/p>\n\n\n\n<p><\/p>\n\n\n\n<p><\/p>\n\n\n\n<p><\/p>\n\n\n\n<p><\/p>\n\n\n\n<p><\/p>\n\n\n\n<p><\/p>\n\n\n\n<p><\/p>\n\n\n<div id=\"pl-gb2-69ef79c6035e9\"  class=\"panel-layout\" ><div id=\"pg-gb2-69ef79c6035e9-0\"  class=\"panel-grid panel-no-style\" ><div id=\"pgc-gb2-69ef79c6035e9-0-0\"  class=\"panel-grid-cell panel-grid-cell-mobile-last\" ><\/div><div id=\"pgc-gb2-69ef79c6035e9-0-1\"  class=\"panel-grid-cell panel-grid-cell-empty\" ><\/div><\/div><\/div>","protected":false},"excerpt":{"rendered":"<p>Nachhaltige Unternehmensf\u00fchrung,Corporate Learning, Corporate Health &amp; Transformationsmanagement. Onlinekommunikation, Public Relations, Erwachsenenbildung &amp; Kommunikation im Mittelstand Onlinekommunikation, Social Media, Wissenschaftskommunikation und Lebenslanges Lernen<\/p>\n","protected":false},"author":1,"featured_media":0,"parent":0,"menu_order":0,"comment_status":"closed","ping_status":"closed","template":"page-templates\/page-builder.php","meta":{"_themeisle_gutenberg_block_has_review":false},"yoast_head":"<!-- This site is optimized with the Yoast SEO plugin v19.11 - https:\/\/yoast.com\/wordpress\/plugins\/seo\/ -->\n<title>Team - Alle im digitalen Wandel<\/title>\n<meta name=\"robots\" content=\"index, follow, max-snippet:-1, max-image-preview:large, max-video-preview:-1\" \/>\n<link rel=\"canonical\" href=\"https:\/\/alle-im-digitalen-wandel.de\/home\/team\/\" \/>\n<meta property=\"og:locale\" content=\"de_DE\" \/>\n<meta property=\"og:type\" content=\"article\" \/>\n<meta property=\"og:title\" content=\"Team - Alle im digitalen Wandel\" \/>\n<meta property=\"og:description\" content=\"Nachhaltige Unternehmensf\u00fchrung,Corporate Learning, Corporate Health &amp; Transformationsmanagement. Onlinekommunikation, Public Relations, Erwachsenenbildung &amp; Kommunikation im Mittelstand Onlinekommunikation, Social Media, Wissenschaftskommunikation und Lebenslanges Lernen\" \/>\n<meta property=\"og:url\" content=\"https:\/\/alle-im-digitalen-wandel.de\/home\/team\/\" \/>\n<meta property=\"og:site_name\" content=\"Alle im digitalen Wandel\" \/>\n<meta property=\"article:modified_time\" content=\"2020-01-22T12:06:59+00:00\" \/>\n<meta name=\"twitter:card\" content=\"summary_large_image\" \/>\n<script type=\"application\/ld+json\" class=\"yoast-schema-graph\">{\"@context\":\"https:\/\/schema.org\",\"@graph\":[{\"@type\":\"WebPage\",\"@id\":\"https:\/\/alle-im-digitalen-wandel.de\/home\/team\/\",\"url\":\"https:\/\/alle-im-digitalen-wandel.de\/home\/team\/\",\"name\":\"Team - Alle im digitalen Wandel\",\"isPartOf\":{\"@id\":\"https:\/\/alle-im-digitalen-wandel.de\/home\/#website\"},\"datePublished\":\"2019-09-06T10:41:26+00:00\",\"dateModified\":\"2020-01-22T12:06:59+00:00\",\"breadcrumb\":{\"@id\":\"https:\/\/alle-im-digitalen-wandel.de\/home\/team\/#breadcrumb\"},\"inLanguage\":\"de\",\"potentialAction\":[{\"@type\":\"ReadAction\",\"target\":[\"https:\/\/alle-im-digitalen-wandel.de\/home\/team\/\"]}]},{\"@type\":\"BreadcrumbList\",\"@id\":\"https:\/\/alle-im-digitalen-wandel.de\/home\/team\/#breadcrumb\",\"itemListElement\":[{\"@type\":\"ListItem\",\"position\":1,\"name\":\"Startseite\",\"item\":\"https:\/\/alle-im-digitalen-wandel.de\/home\/\"},{\"@type\":\"ListItem\",\"position\":2,\"name\":\"Team\"}]},{\"@type\":\"WebSite\",\"@id\":\"https:\/\/alle-im-digitalen-wandel.de\/home\/#website\",\"url\":\"https:\/\/alle-im-digitalen-wandel.de\/home\/\",\"name\":\"Alle im digitalen Wandel\",\"description\":\"Ein Projekt der Hochschule Darmstadt\",\"publisher\":{\"@id\":\"https:\/\/alle-im-digitalen-wandel.de\/home\/#organization\"},\"potentialAction\":[{\"@type\":\"SearchAction\",\"target\":{\"@type\":\"EntryPoint\",\"urlTemplate\":\"https:\/\/alle-im-digitalen-wandel.de\/home\/?s={search_term_string}\"},\"query-input\":\"required name=search_term_string\"}],\"inLanguage\":\"de\"},{\"@type\":\"Organization\",\"@id\":\"https:\/\/alle-im-digitalen-wandel.de\/home\/#organization\",\"name\":\"Alle im digitalen Wandel\",\"url\":\"https:\/\/alle-im-digitalen-wandel.de\/home\/\",\"logo\":{\"@type\":\"ImageObject\",\"inLanguage\":\"de\",\"@id\":\"https:\/\/alle-im-digitalen-wandel.de\/home\/#\/schema\/logo\/image\/\",\"url\":\"https:\/\/alle-im-digitalen-wandel.de\/wp-content\/uploads\/2020\/07\/cropped-Frame21.png\",\"contentUrl\":\"https:\/\/alle-im-digitalen-wandel.de\/wp-content\/uploads\/2020\/07\/cropped-Frame21.png\",\"width\":1786,\"height\":782,\"caption\":\"Alle im digitalen Wandel\"},\"image\":{\"@id\":\"https:\/\/alle-im-digitalen-wandel.de\/home\/#\/schema\/logo\/image\/\"}}]}<\/script>\n<!-- \/ Yoast SEO plugin. -->","yoast_head_json":{"title":"Team - Alle im digitalen Wandel","robots":{"index":"index","follow":"follow","max-snippet":"max-snippet:-1","max-image-preview":"max-image-preview:large","max-video-preview":"max-video-preview:-1"},"canonical":"https:\/\/alle-im-digitalen-wandel.de\/home\/team\/","og_locale":"de_DE","og_type":"article","og_title":"Team - Alle im digitalen Wandel","og_description":"Nachhaltige Unternehmensf\u00fchrung,Corporate Learning, Corporate Health &amp; Transformationsmanagement. Onlinekommunikation, Public Relations, Erwachsenenbildung &amp; Kommunikation im Mittelstand Onlinekommunikation, Social Media, Wissenschaftskommunikation und Lebenslanges Lernen","og_url":"https:\/\/alle-im-digitalen-wandel.de\/home\/team\/","og_site_name":"Alle im digitalen Wandel","article_modified_time":"2020-01-22T12:06:59+00:00","twitter_card":"summary_large_image","schema":{"@context":"https:\/\/schema.org","@graph":[{"@type":"WebPage","@id":"https:\/\/alle-im-digitalen-wandel.de\/home\/team\/","url":"https:\/\/alle-im-digitalen-wandel.de\/home\/team\/","name":"Team - Alle im digitalen Wandel","isPartOf":{"@id":"https:\/\/alle-im-digitalen-wandel.de\/home\/#website"},"datePublished":"2019-09-06T10:41:26+00:00","dateModified":"2020-01-22T12:06:59+00:00","breadcrumb":{"@id":"https:\/\/alle-im-digitalen-wandel.de\/home\/team\/#breadcrumb"},"inLanguage":"de","potentialAction":[{"@type":"ReadAction","target":["https:\/\/alle-im-digitalen-wandel.de\/home\/team\/"]}]},{"@type":"BreadcrumbList","@id":"https:\/\/alle-im-digitalen-wandel.de\/home\/team\/#breadcrumb","itemListElement":[{"@type":"ListItem","position":1,"name":"Startseite","item":"https:\/\/alle-im-digitalen-wandel.de\/home\/"},{"@type":"ListItem","position":2,"name":"Team"}]},{"@type":"WebSite","@id":"https:\/\/alle-im-digitalen-wandel.de\/home\/#website","url":"https:\/\/alle-im-digitalen-wandel.de\/home\/","name":"Alle im digitalen Wandel","description":"Ein Projekt der Hochschule Darmstadt","publisher":{"@id":"https:\/\/alle-im-digitalen-wandel.de\/home\/#organization"},"potentialAction":[{"@type":"SearchAction","target":{"@type":"EntryPoint","urlTemplate":"https:\/\/alle-im-digitalen-wandel.de\/home\/?s={search_term_string}"},"query-input":"required name=search_term_string"}],"inLanguage":"de"},{"@type":"Organization","@id":"https:\/\/alle-im-digitalen-wandel.de\/home\/#organization","name":"Alle im digitalen Wandel","url":"https:\/\/alle-im-digitalen-wandel.de\/home\/","logo":{"@type":"ImageObject","inLanguage":"de","@id":"https:\/\/alle-im-digitalen-wandel.de\/home\/#\/schema\/logo\/image\/","url":"https:\/\/alle-im-digitalen-wandel.de\/wp-content\/uploads\/2020\/07\/cropped-Frame21.png","contentUrl":"https:\/\/alle-im-digitalen-wandel.de\/wp-content\/uploads\/2020\/07\/cropped-Frame21.png","width":1786,"height":782,"caption":"Alle im digitalen Wandel"},"image":{"@id":"https:\/\/alle-im-digitalen-wandel.de\/home\/#\/schema\/logo\/image\/"}}]}},"_links":{"self":[{"href":"https:\/\/alle-im-digitalen-wandel.de\/home\/wp-json\/wp\/v2\/pages\/2"}],"collection":[{"href":"https:\/\/alle-im-digitalen-wandel.de\/home\/wp-json\/wp\/v2\/pages"}],"about":[{"href":"https:\/\/alle-im-digitalen-wandel.de\/home\/wp-json\/wp\/v2\/types\/page"}],"author":[{"embeddable":true,"href":"https:\/\/alle-im-digitalen-wandel.de\/home\/wp-json\/wp\/v2\/users\/1"}],"replies":[{"embeddable":true,"href":"https:\/\/alle-im-digitalen-wandel.de\/home\/wp-json\/wp\/v2\/comments?post=2"}],"version-history":[{"count":43,"href":"https:\/\/alle-im-digitalen-wandel.de\/home\/wp-json\/wp\/v2\/pages\/2\/revisions"}],"predecessor-version":[{"id":792,"href":"https:\/\/alle-im-digitalen-wandel.de\/home\/wp-json\/wp\/v2\/pages\/2\/revisions\/792"}],"wp:attachment":[{"href":"https:\/\/alle-im-digitalen-wandel.de\/home\/wp-json\/wp\/v2\/media?parent=2"}],"curies":[{"name":"wp","href":"https:\/\/api.w.org\/{rel}","templated":true}]}}