{"id":131,"date":"2019-09-16T10:14:49","date_gmt":"2019-09-16T08:14:49","guid":{"rendered":"http:\/\/alle-im-digitalen-wandel.de\/wordpress\/?page_id=131"},"modified":"2019-10-23T13:44:06","modified_gmt":"2019-10-23T11:44:06","slug":"impressum","status":"publish","type":"page","link":"https:\/\/alle-im-digitalen-wandel.de\/home\/impressum\/","title":{"rendered":"Impressum"},"content":{"rendered":"<div id=\"pl-gb131-69ef67361b85f\"  class=\"panel-layout\" ><div id=\"pg-gb131-69ef67361b85f-0\"  class=\"panel-grid panel-no-style\" ><div id=\"pgc-gb131-69ef67361b85f-0-0\"  class=\"panel-grid-cell\" ><div id=\"panel-gb131-69ef67361b85f-0-0-0\" class=\"so-panel widget widget_text panel-first-child panel-last-child\" data-index=\"0\" >\t\t\t<div class=\"textwidget\"><h4>Haftungsausschluss<\/h4>\n<p>Hochschule Darmstadt<br \/>\nSch\u00f6fferstra\u00dfe 3<br \/>\n64295 Darmstadt<\/p>\n<p>Projektleitung: Prof. Dr. Werner Stork<br \/>\nProjektmanagement &amp; Kontakt: Jakob B\u00fcrkner (siehe <a href=\"http:\/\/alle-im-digitalen-wandel.de\/wordpress\/?page_id=2\">Team<\/a> &amp; <a href=\"http:\/\/alle-im-digitalen-wandel.de\/wordpress\/\">Kontakte<\/a>)<br \/>\n\u00d6ffentlichkeitsarbeit: Hannah Sch\u00fcrr (siehe <a href=\"http:\/\/alle-im-digitalen-wandel.de\/wordpress\/?page_id=2\">Team<\/a> &amp; <a href=\"http:\/\/alle-im-digitalen-wandel.de\/wordpress\/\">Kontakte<\/a>)<\/p>\n<p>Die Website ist ein Produkt des Projektes &#8222;ALLE im digitalen Wandel&#8220;<br \/>\nder Hochschule Darmstadt.<\/p>\n<p>Anbieter gem\u00e4\u00df \u00a7 5 des Gesetzes \u00fcber die Nutzung von Telemedien:<\/p>\n<p>Hochschule Darmstadt<br \/>\nUniversity of Applied Sciences<br \/>\nHaardtring 100<br \/>\n64295 Darmstadt<\/p>\n<p>Telefon +49.6151.16-02 (Vermittlung)<br \/>\nTelefon +49.6151.16-33333 (Student Service Center)<br \/>\n<a>info@h-da.de<\/a><\/p>\n<p><b>Inhaltlich verantwortlich:<br \/>\n<\/b>Prof. Dr. Ralph Stengler<br \/>\nPr\u00e4sident<br \/>\n<a>praesident@h-da.de<\/a><\/p>\n<hr \/>\n<p>USt-IdNr.\u00a0 DE811763762<\/p>\n<hr \/>\n<p><b>Gestaltungskonzept und Webdesign:<br \/>\n<\/b>Schumacher. Visuelle Kommunikation<\/p>\n<p><b>Realisierung:<br \/>\n<\/b>IT-Dienste der Hochschule Darmstadt<\/p>\n<p><b>Datenschutz\/Bestands- und Nutzungsdaten:<br \/>\n<\/b>Bei jeder Anforderung einer Internetdatei werden folgende Zugriffsdaten bei IT-Dienste und -Anwendungen gespeichert:<\/p>\n<ul>\n<li>die Seite, von der aus die Datei angefordert wurde,<\/li>\n<li>der Name der aufgerufenen Datei,<\/li>\n<li>das Datum und die Uhrzeit der Anforderung,<\/li>\n<li>die \u00fcbertragene Datenmenge,<\/li>\n<li>der Zugriffsstatus (Datei \u00fcbertragen, Datei nicht gefunden etc.),<\/li>\n<li>die Beschreibung des verwendeten Webbrowsertyps bzw. des verwendeten Betriebssystems,<\/li>\n<li>die IP-Adresse des anfordernden Rechners<\/li>\n<li>sowie der Benutzername (wenn sich ein Besucher \u00fcber Benutzername und Kennwort anmeldet) und Cookies.<\/li>\n<\/ul>\n<p><b>Verwendung:<\/b> Die gespeicherten Daten werden ausschlie\u00dflich zu technischen oder statistischen Zwecken ben\u00f6tigt; ein Abgleich mit anderen Datenbest\u00e4nden oder gar eine Weitergabe an Dritte, auch in Ausz\u00fcgen, findet nicht statt. Im Informationsangebot der Landesregierung k\u00f6nnen Cookies oder JAVA-Applets verwendet werden. Die Verwendung dieser Funktionalit\u00e4ten kann durch Einstellungen des Browserprogramms vom jeweiligen Nutzer ausgeschaltet werden.<br \/>\nDie protokollierten Daten werden nach der Auswertung der Zugriffsdaten gel\u00f6scht. Die Auswertung erfolgt monatlich und j\u00e4hrlich, die L\u00f6schung erfolgt jeweils im Januar des Folgejahres.<br \/>\nIm Internetangebot der Hochschule Darmstadt besteht bei Bestellungen, zur Abonnierung von Newslettern, f\u00fcr Antworten und im Rahmen der Teilnahme an Diskussionsforen die M\u00f6glichkeit zur Eingabe pers\u00f6nlicher oder studienbezogener Daten (E-Mail-Adressen, Namen, Anschriften). Die Nutzung der angebotenen Serviceleistungen und Dienste seitens des Nutzers erfolgt ausdr\u00fccklich auf freiwilliger Basis.<br \/>\nDie Bestellung von Ver\u00f6ffentlichungen wird automatisch (wenn sie \u00fcber die entsprechenden Bestell-Listen auf der Website erfolgt) oder auf Veranlassung weitergeleitet. Nach Erledigung der Bestellung werden die Daten vernichtet.<\/p>\n<p><b>Allgemeines zum Thema Datenschutz<\/b> ist auf den Web-Seiten des<br \/>\n<a class=\"weiter external-link\" href=\"http:\/\/www.datenschutz.hessen.de\/\" target=\"_blank\" rel=\"noopener\">Hessischen Datenschutzbeauftragten<\/a> zu finden.<\/p>\n<p><b>Das Gesetz \u00fcber die <\/b><b>Nutzung von Telemedien<\/b> (Telemediengesetz &#8211; TMG) sowie \u00fcber den Datenschutz bei Telemedien finden Sie beim<br \/>\n<a class=\"link-external external-link\" title=\"Opens external link in new window\" href=\"http:\/\/www.gesetze-im-internet.de\/tmg\/index.html\" target=\"_self\" rel=\"noopener\">Bundesministerium f\u00fcr Justiz<\/a>.<\/p>\n<p><b>Hinweis zu allen Links auf diesen Internetseiten<br \/>\n<\/b>Das Hessische Ministerium f\u00fcr Wissenschaft und Kunst sowie die Hochschule Darmstadt selbst haben diese Homepage mit verschiedenen Internetseiten Dritter verlinkt, auf deren Inhalte die Hochschule Darmstadt keinen Einfluss hat. Die Hochschule Darmstadt kann f\u00fcr diese fremden Inhalte keine Gew\u00e4hr \u00fcbernehmen und macht sich diese auch nicht zu eigen. F\u00fcr die Inhalte der verlinkten Seiten ist stets der jeweilige Anbieter oder Betreiber der Seiten verantwortlich. Zwar wurden die seitens der Hochschule Darmstadt verlinkten Seiten zum Zeitpunkt der Verlinkung auf m\u00f6gliche Rechtsverst\u00f6\u00dfe \u00fcberpr\u00fcft und rechtswidrige Inhalte waren zu diesem Zeitpunkt nicht erkennbar. Nach Verlinkung eingebundene Inhalte sind der Hochschule Darmstadt jedoch nicht zwangsl\u00e4ufig bekannt. Daher benachrichtigen Sie bitte umgehend die Hochschule, sofern Sie \u00fcber diese Homepage zu Seiten gelangen, deren Inhalte Ihnen bedenklich erscheinen. Eine permanente inhaltliche Kontrolle der verlinkten Seiten ist ohne konkrete Anhaltspunkte einer Rechtsverletzung nicht leistbar und auch nicht zumutbar. Bei Bekanntwerden von Rechtsverletzungen wird die Hochschule Darmstadt den betreffenden Link indes umgehend entfernen.<\/p>\n<p><b>Rechtliche und technische Hinweise in eigener Sache<\/b><br \/>\nDie Hochschule Darmstadt hat dieses Internetangebot und alle darin enthaltenen Links nach bestem Wissen erstellt. Sie ist stets bem\u00fcht, die Richtigkeit und Aktualit\u00e4t dieser Internetseiten sicherzustellen. Alle Angaben und Links sind aber lediglich als allgemeine Informationen gedacht und nicht als gesch\u00e4ftliche, rechtliche oder sonstige Beratungsdienstleistung zu verstehen. Gesetze und andere Vorschriften sind nur g\u00fcltig und finden Anwendung entsprechend ihrer jeweils aktuellsten Fassung, die im einschl\u00e4gigen amtlichen Verk\u00fcndungsorgan (insbesondere im Gesetz- und Verordnungsblatt f\u00fcr das Land Hessen) ver\u00f6ffentlicht ist.<\/p>\n<p><b>Bei der Digitalisierung von Daten<\/b> k\u00f6nnen Fehler auftreten. Durch die Verwendung unterschiedlicher Internet-Browser und bedingt durch individuelle Softwareeinstellungen kann es bei der Darstellung der Inhalte zu Abweichungen kommen.<\/p>\n<p><b>Bildnachweis und Urheberrechte: <\/b>Die Hochschule Darmstadt\u00a0 weist ausdr\u00fccklich auf die Verpflichtung zur <b>Beachtung der Urheberrechte<\/b> hin. Es ist untersagt, ohne weitere Absprachen mit der h_da, Bildmaterial (Logo, Fotos, Grafiken) von den Seiten der Hochschule zur weiteren Verwendung herunter zu laden. Hiervon ausgenommen sind alle als solche gekennzeichneten Download-Angebote. <b><\/p>\n<p>Rechtsstellung und Vertretung der Hochschule<\/b><br \/>\nDie Hochschule Darmstadt ist gem\u00e4\u00df \u00a7 1 Abs. 1 HHG (Hessisches Hochschulgesetz vom 14.12.2009 GVBL. I. S. 666) eine rechtsf\u00e4hige K\u00f6rperschaft des \u00f6ffentlichen Rechts und zugleich staatliche Einrichtung.<\/p>\n<p><b>Gesetzlicher Vertreter<\/b><b>:<br \/>\n<\/b>Der Pr\u00e4sident Herr Professor Dr. Ralph Stengler<b><\/p>\n<p>Auskunft zu Fragen der Au\u00dfenvertretung der Hochschule erteilt:<\/b><br \/>\nJustitiariat\/Wahlamt<br \/>\nPeter Reu\u00df<br \/>\nTelefon +49.6151.16-38004<br \/>\nE-Mail: <a class=\"mail\" title=\"\u00d6ffnet ein Fenster zum Versenden der E-Mail\">Peter Reu\u00df<br \/>\n<\/a><\/p>\n<\/div>\n\t\t<\/div><\/div><\/div><\/div>","protected":false},"excerpt":{"rendered":"<p>Haftungsausschluss Hochschule Darmstadt Sch\u00f6fferstra\u00dfe 3 64295 Darmstadt Projektleitung: Prof. Dr. Werner Stork Projektmanagement &amp; Kontakt: Jakob B\u00fcrkner (siehe Team &amp; Kontakte) \u00d6ffentlichkeitsarbeit: Hannah Sch\u00fcrr (siehe Team &amp; Kontakte) Die Website ist ein Produkt des Projektes &#8222;ALLE im digitalen Wandel&#8220; der Hochschule Darmstadt. Anbieter gem\u00e4\u00df \u00a7 5 des Gesetzes \u00fcber die<\/p>\n","protected":false},"author":1,"featured_media":0,"parent":0,"menu_order":0,"comment_status":"closed","ping_status":"closed","template":"","meta":{"_themeisle_gutenberg_block_has_review":false},"yoast_head":"<!-- This site is optimized with the Yoast SEO plugin v19.11 - https:\/\/yoast.com\/wordpress\/plugins\/seo\/ -->\n<title>Impressum - Alle im digitalen Wandel<\/title>\n<meta name=\"robots\" content=\"index, follow, max-snippet:-1, max-image-preview:large, max-video-preview:-1\" \/>\n<link rel=\"canonical\" href=\"https:\/\/alle-im-digitalen-wandel.de\/home\/impressum\/\" \/>\n<meta property=\"og:locale\" content=\"de_DE\" \/>\n<meta property=\"og:type\" content=\"article\" \/>\n<meta property=\"og:title\" content=\"Impressum - Alle im digitalen Wandel\" \/>\n<meta property=\"og:description\" content=\"Haftungsausschluss Hochschule Darmstadt Sch\u00f6fferstra\u00dfe 3 64295 Darmstadt Projektleitung: Prof. Dr. Werner Stork Projektmanagement &amp; Kontakt: Jakob B\u00fcrkner (siehe Team &amp; Kontakte) \u00d6ffentlichkeitsarbeit: Hannah Sch\u00fcrr (siehe Team &amp; Kontakte) Die Website ist ein Produkt des Projektes &quot;ALLE im digitalen Wandel&quot; der Hochschule Darmstadt. Anbieter gem\u00e4\u00df \u00a7 5 des Gesetzes \u00fcber die\" \/>\n<meta property=\"og:url\" content=\"https:\/\/alle-im-digitalen-wandel.de\/home\/impressum\/\" \/>\n<meta property=\"og:site_name\" content=\"Alle im digitalen Wandel\" \/>\n<meta property=\"article:modified_time\" content=\"2019-10-23T11:44:06+00:00\" \/>\n<meta name=\"twitter:card\" content=\"summary_large_image\" \/>\n<script type=\"application\/ld+json\" class=\"yoast-schema-graph\">{\"@context\":\"https:\/\/schema.org\",\"@graph\":[{\"@type\":\"WebPage\",\"@id\":\"https:\/\/alle-im-digitalen-wandel.de\/home\/impressum\/\",\"url\":\"https:\/\/alle-im-digitalen-wandel.de\/home\/impressum\/\",\"name\":\"Impressum - Alle im digitalen Wandel\",\"isPartOf\":{\"@id\":\"https:\/\/alle-im-digitalen-wandel.de\/home\/#website\"},\"datePublished\":\"2019-09-16T08:14:49+00:00\",\"dateModified\":\"2019-10-23T11:44:06+00:00\",\"breadcrumb\":{\"@id\":\"https:\/\/alle-im-digitalen-wandel.de\/home\/impressum\/#breadcrumb\"},\"inLanguage\":\"de\",\"potentialAction\":[{\"@type\":\"ReadAction\",\"target\":[\"https:\/\/alle-im-digitalen-wandel.de\/home\/impressum\/\"]}]},{\"@type\":\"BreadcrumbList\",\"@id\":\"https:\/\/alle-im-digitalen-wandel.de\/home\/impressum\/#breadcrumb\",\"itemListElement\":[{\"@type\":\"ListItem\",\"position\":1,\"name\":\"Startseite\",\"item\":\"https:\/\/alle-im-digitalen-wandel.de\/home\/\"},{\"@type\":\"ListItem\",\"position\":2,\"name\":\"Impressum\"}]},{\"@type\":\"WebSite\",\"@id\":\"https:\/\/alle-im-digitalen-wandel.de\/home\/#website\",\"url\":\"https:\/\/alle-im-digitalen-wandel.de\/home\/\",\"name\":\"Alle im digitalen Wandel\",\"description\":\"Ein Projekt der Hochschule Darmstadt\",\"publisher\":{\"@id\":\"https:\/\/alle-im-digitalen-wandel.de\/home\/#organization\"},\"potentialAction\":[{\"@type\":\"SearchAction\",\"target\":{\"@type\":\"EntryPoint\",\"urlTemplate\":\"https:\/\/alle-im-digitalen-wandel.de\/home\/?s={search_term_string}\"},\"query-input\":\"required name=search_term_string\"}],\"inLanguage\":\"de\"},{\"@type\":\"Organization\",\"@id\":\"https:\/\/alle-im-digitalen-wandel.de\/home\/#organization\",\"name\":\"Alle im digitalen Wandel\",\"url\":\"https:\/\/alle-im-digitalen-wandel.de\/home\/\",\"logo\":{\"@type\":\"ImageObject\",\"inLanguage\":\"de\",\"@id\":\"https:\/\/alle-im-digitalen-wandel.de\/home\/#\/schema\/logo\/image\/\",\"url\":\"https:\/\/alle-im-digitalen-wandel.de\/wp-content\/uploads\/2020\/07\/cropped-Frame21.png\",\"contentUrl\":\"https:\/\/alle-im-digitalen-wandel.de\/wp-content\/uploads\/2020\/07\/cropped-Frame21.png\",\"width\":1786,\"height\":782,\"caption\":\"Alle im digitalen Wandel\"},\"image\":{\"@id\":\"https:\/\/alle-im-digitalen-wandel.de\/home\/#\/schema\/logo\/image\/\"}}]}<\/script>\n<!-- \/ Yoast SEO plugin. -->","yoast_head_json":{"title":"Impressum - Alle im digitalen Wandel","robots":{"index":"index","follow":"follow","max-snippet":"max-snippet:-1","max-image-preview":"max-image-preview:large","max-video-preview":"max-video-preview:-1"},"canonical":"https:\/\/alle-im-digitalen-wandel.de\/home\/impressum\/","og_locale":"de_DE","og_type":"article","og_title":"Impressum - Alle im digitalen Wandel","og_description":"Haftungsausschluss Hochschule Darmstadt Sch\u00f6fferstra\u00dfe 3 64295 Darmstadt Projektleitung: Prof. Dr. Werner Stork Projektmanagement &amp; Kontakt: Jakob B\u00fcrkner (siehe Team &amp; Kontakte) \u00d6ffentlichkeitsarbeit: Hannah Sch\u00fcrr (siehe Team &amp; Kontakte) Die Website ist ein Produkt des Projektes \"ALLE im digitalen Wandel\" der Hochschule Darmstadt. Anbieter gem\u00e4\u00df \u00a7 5 des Gesetzes \u00fcber die","og_url":"https:\/\/alle-im-digitalen-wandel.de\/home\/impressum\/","og_site_name":"Alle im digitalen Wandel","article_modified_time":"2019-10-23T11:44:06+00:00","twitter_card":"summary_large_image","schema":{"@context":"https:\/\/schema.org","@graph":[{"@type":"WebPage","@id":"https:\/\/alle-im-digitalen-wandel.de\/home\/impressum\/","url":"https:\/\/alle-im-digitalen-wandel.de\/home\/impressum\/","name":"Impressum - Alle im digitalen Wandel","isPartOf":{"@id":"https:\/\/alle-im-digitalen-wandel.de\/home\/#website"},"datePublished":"2019-09-16T08:14:49+00:00","dateModified":"2019-10-23T11:44:06+00:00","breadcrumb":{"@id":"https:\/\/alle-im-digitalen-wandel.de\/home\/impressum\/#breadcrumb"},"inLanguage":"de","potentialAction":[{"@type":"ReadAction","target":["https:\/\/alle-im-digitalen-wandel.de\/home\/impressum\/"]}]},{"@type":"BreadcrumbList","@id":"https:\/\/alle-im-digitalen-wandel.de\/home\/impressum\/#breadcrumb","itemListElement":[{"@type":"ListItem","position":1,"name":"Startseite","item":"https:\/\/alle-im-digitalen-wandel.de\/home\/"},{"@type":"ListItem","position":2,"name":"Impressum"}]},{"@type":"WebSite","@id":"https:\/\/alle-im-digitalen-wandel.de\/home\/#website","url":"https:\/\/alle-im-digitalen-wandel.de\/home\/","name":"Alle im digitalen Wandel","description":"Ein Projekt der Hochschule Darmstadt","publisher":{"@id":"https:\/\/alle-im-digitalen-wandel.de\/home\/#organization"},"potentialAction":[{"@type":"SearchAction","target":{"@type":"EntryPoint","urlTemplate":"https:\/\/alle-im-digitalen-wandel.de\/home\/?s={search_term_string}"},"query-input":"required name=search_term_string"}],"inLanguage":"de"},{"@type":"Organization","@id":"https:\/\/alle-im-digitalen-wandel.de\/home\/#organization","name":"Alle im digitalen Wandel","url":"https:\/\/alle-im-digitalen-wandel.de\/home\/","logo":{"@type":"ImageObject","inLanguage":"de","@id":"https:\/\/alle-im-digitalen-wandel.de\/home\/#\/schema\/logo\/image\/","url":"https:\/\/alle-im-digitalen-wandel.de\/wp-content\/uploads\/2020\/07\/cropped-Frame21.png","contentUrl":"https:\/\/alle-im-digitalen-wandel.de\/wp-content\/uploads\/2020\/07\/cropped-Frame21.png","width":1786,"height":782,"caption":"Alle im digitalen Wandel"},"image":{"@id":"https:\/\/alle-im-digitalen-wandel.de\/home\/#\/schema\/logo\/image\/"}}]}},"_links":{"self":[{"href":"https:\/\/alle-im-digitalen-wandel.de\/home\/wp-json\/wp\/v2\/pages\/131"}],"collection":[{"href":"https:\/\/alle-im-digitalen-wandel.de\/home\/wp-json\/wp\/v2\/pages"}],"about":[{"href":"https:\/\/alle-im-digitalen-wandel.de\/home\/wp-json\/wp\/v2\/types\/page"}],"author":[{"embeddable":true,"href":"https:\/\/alle-im-digitalen-wandel.de\/home\/wp-json\/wp\/v2\/users\/1"}],"replies":[{"embeddable":true,"href":"https:\/\/alle-im-digitalen-wandel.de\/home\/wp-json\/wp\/v2\/comments?post=131"}],"version-history":[{"count":7,"href":"https:\/\/alle-im-digitalen-wandel.de\/home\/wp-json\/wp\/v2\/pages\/131\/revisions"}],"predecessor-version":[{"id":265,"href":"https:\/\/alle-im-digitalen-wandel.de\/home\/wp-json\/wp\/v2\/pages\/131\/revisions\/265"}],"wp:attachment":[{"href":"https:\/\/alle-im-digitalen-wandel.de\/home\/wp-json\/wp\/v2\/media?parent=131"}],"curies":[{"name":"wp","href":"https:\/\/api.w.org\/{rel}","templated":true}]}}