{"id":1253,"date":"2021-03-04T18:18:52","date_gmt":"2021-03-04T17:18:52","guid":{"rendered":"https:\/\/alle-im-digitalen-wandel.de\/home\/?page_id=1253"},"modified":"2022-06-01T15:37:15","modified_gmt":"2022-06-01T13:37:15","slug":"resilienz-check","status":"publish","type":"page","link":"https:\/\/alle-im-digitalen-wandel.de\/home\/resilienz-check\/","title":{"rendered":"Resilienz-Check"},"content":{"rendered":"\n<p>Resilienz ist ein bew\u00e4hrtes Konzept zum Umgang mit Ver\u00e4nderungen und die Resilienzforschung untersucht u.a. die Qualit\u00e4t der Entwicklungsprozesse von Organisationen in dynamischen und komplexen Situationen.<\/p>\n\n\n\n<p>Resilienz wirkt zum einen als Grundlage f\u00fcr die Robustheit und die Widerstandskraft der Organisation (<strong>Resistenz<\/strong>). Sie f\u00f6rdert zum anderen die F\u00e4higkeit der Organisation sich wieder zu erholen \u2013 bspw. nach Phasen gro\u00dfer Belastungen und Anstrengungen (<strong>Regeneration<\/strong>). Und sie bef\u00e4higt zudem die Organisation, sich neu auf zu stellen (<strong>Rekonfiguration<\/strong>). Resilienz unterst\u00fctzt auf diese Weise auch sehr wirksam die Neugier, die Agilit\u00e4t und die Innovationskraft Ihrer Organisation. &nbsp;<\/p>\n\n\n\n<p class=\"has-text-align-center\"><strong>Machen Sie jetzt den<\/strong><\/p>\n\n\n\n<div class=\"is-content-justification-center is-layout-flex wp-container-1 wp-block-buttons\">\n<div class=\"wp-block-button\"><a class=\"wp-block-button__link has-luminous-vivid-orange-background-color has-background\" href=\"https:\/\/survey.alle-im-digitalen-wandel.academy\/index.php\/447399?lang=de\">Resilienz-Check<\/a><\/div>\n<\/div>\n\n\n\n<div class=\"is-layout-flex wp-container-4 wp-block-columns\">\n<div class=\"is-layout-flow wp-block-column\" style=\"flex-basis:25%\">\n<p><a href=\"https:\/\/www.schenck.de\" target=\"_blank\" rel=\"noreferrer noopener\"><img decoding=\"async\" loading=\"lazy\" width=\"150\" height=\"150\" class=\"wp-image-357\" style=\"width: 100px;\" src=\"https:\/\/alle-im-digitalen-wandel.de\/wp-content\/uploads\/2019\/11\/Schenk_Logo.png\" alt=\"\"><\/a><\/p>\n<\/div>\n\n\n\n<div class=\"is-layout-flow wp-block-column\" style=\"flex-basis:75%\">\n<p>Der Resilienz-Check wird Ihnen in Zusammenarbeit mit der <a rel=\"noreferrer noopener\" href=\"http:\/\/schenck.de\/\" target=\"_blank\" style=\"text-decoration: underline;\">schenck.de AG<\/a> pr\u00e4sentiert &#8211; Ihrem Partner f\u00fcr E-Learning, elektronische Weiterbildungsprozesse und Distanzunterricht.<\/p>\n<\/div>\n<\/div>\n\n\n\n<p><\/p>\n","protected":false},"excerpt":{"rendered":"<p>Resilienz ist ein bew\u00e4hrtes Konzept zum Umgang mit Ver\u00e4nderungen und die Resilienzforschung untersucht u.a. die Qualit\u00e4t der Entwicklungsprozesse von Organisationen in dynamischen und komplexen Situationen. Resilienz wirkt zum einen als Grundlage f\u00fcr die Robustheit und die Widerstandskraft der Organisation (Resistenz). Sie f\u00f6rdert zum anderen die F\u00e4higkeit der Organisation sich wieder<\/p>\n","protected":false},"author":1,"featured_media":0,"parent":0,"menu_order":0,"comment_status":"closed","ping_status":"closed","template":"","meta":{"_themeisle_gutenberg_block_has_review":false},"yoast_head":"<!-- This site is optimized with the Yoast SEO plugin v19.11 - https:\/\/yoast.com\/wordpress\/plugins\/seo\/ -->\n<title>Resilienz-Check - Alle im digitalen Wandel<\/title>\n<meta name=\"robots\" content=\"index, follow, max-snippet:-1, max-image-preview:large, max-video-preview:-1\" \/>\n<link rel=\"canonical\" href=\"https:\/\/alle-im-digitalen-wandel.de\/home\/resilienz-check\/\" \/>\n<meta property=\"og:locale\" content=\"de_DE\" \/>\n<meta property=\"og:type\" content=\"article\" \/>\n<meta property=\"og:title\" content=\"Resilienz-Check - Alle im digitalen Wandel\" \/>\n<meta property=\"og:description\" content=\"Resilienz ist ein bew\u00e4hrtes Konzept zum Umgang mit Ver\u00e4nderungen und die Resilienzforschung untersucht u.a. die Qualit\u00e4t der Entwicklungsprozesse von Organisationen in dynamischen und komplexen Situationen. Resilienz wirkt zum einen als Grundlage f\u00fcr die Robustheit und die Widerstandskraft der Organisation (Resistenz). Sie f\u00f6rdert zum anderen die F\u00e4higkeit der Organisation sich wieder\" \/>\n<meta property=\"og:url\" content=\"https:\/\/alle-im-digitalen-wandel.de\/home\/resilienz-check\/\" \/>\n<meta property=\"og:site_name\" content=\"Alle im digitalen Wandel\" \/>\n<meta property=\"article:modified_time\" content=\"2022-06-01T13:37:15+00:00\" \/>\n<meta property=\"og:image\" content=\"https:\/\/alle-im-digitalen-wandel.de\/wp-content\/uploads\/2019\/11\/Schenk_Logo.png\" \/>\n<meta name=\"twitter:card\" content=\"summary_large_image\" \/>\n<meta name=\"twitter:label1\" content=\"Gesch\u00e4tzte Lesezeit\" \/>\n\t<meta name=\"twitter:data1\" content=\"1\u00a0Minute\" \/>\n<script type=\"application\/ld+json\" class=\"yoast-schema-graph\">{\"@context\":\"https:\/\/schema.org\",\"@graph\":[{\"@type\":\"WebPage\",\"@id\":\"https:\/\/alle-im-digitalen-wandel.de\/home\/resilienz-check\/\",\"url\":\"https:\/\/alle-im-digitalen-wandel.de\/home\/resilienz-check\/\",\"name\":\"Resilienz-Check - Alle im digitalen Wandel\",\"isPartOf\":{\"@id\":\"https:\/\/alle-im-digitalen-wandel.de\/home\/#website\"},\"datePublished\":\"2021-03-04T17:18:52+00:00\",\"dateModified\":\"2022-06-01T13:37:15+00:00\",\"breadcrumb\":{\"@id\":\"https:\/\/alle-im-digitalen-wandel.de\/home\/resilienz-check\/#breadcrumb\"},\"inLanguage\":\"de\",\"potentialAction\":[{\"@type\":\"ReadAction\",\"target\":[\"https:\/\/alle-im-digitalen-wandel.de\/home\/resilienz-check\/\"]}]},{\"@type\":\"BreadcrumbList\",\"@id\":\"https:\/\/alle-im-digitalen-wandel.de\/home\/resilienz-check\/#breadcrumb\",\"itemListElement\":[{\"@type\":\"ListItem\",\"position\":1,\"name\":\"Startseite\",\"item\":\"https:\/\/alle-im-digitalen-wandel.de\/home\/\"},{\"@type\":\"ListItem\",\"position\":2,\"name\":\"Resilienz-Check\"}]},{\"@type\":\"WebSite\",\"@id\":\"https:\/\/alle-im-digitalen-wandel.de\/home\/#website\",\"url\":\"https:\/\/alle-im-digitalen-wandel.de\/home\/\",\"name\":\"Alle im digitalen Wandel\",\"description\":\"Ein Projekt der Hochschule Darmstadt\",\"publisher\":{\"@id\":\"https:\/\/alle-im-digitalen-wandel.de\/home\/#organization\"},\"potentialAction\":[{\"@type\":\"SearchAction\",\"target\":{\"@type\":\"EntryPoint\",\"urlTemplate\":\"https:\/\/alle-im-digitalen-wandel.de\/home\/?s={search_term_string}\"},\"query-input\":\"required name=search_term_string\"}],\"inLanguage\":\"de\"},{\"@type\":\"Organization\",\"@id\":\"https:\/\/alle-im-digitalen-wandel.de\/home\/#organization\",\"name\":\"Alle im digitalen Wandel\",\"url\":\"https:\/\/alle-im-digitalen-wandel.de\/home\/\",\"logo\":{\"@type\":\"ImageObject\",\"inLanguage\":\"de\",\"@id\":\"https:\/\/alle-im-digitalen-wandel.de\/home\/#\/schema\/logo\/image\/\",\"url\":\"https:\/\/alle-im-digitalen-wandel.de\/wp-content\/uploads\/2020\/07\/cropped-Frame21.png\",\"contentUrl\":\"https:\/\/alle-im-digitalen-wandel.de\/wp-content\/uploads\/2020\/07\/cropped-Frame21.png\",\"width\":1786,\"height\":782,\"caption\":\"Alle im digitalen Wandel\"},\"image\":{\"@id\":\"https:\/\/alle-im-digitalen-wandel.de\/home\/#\/schema\/logo\/image\/\"}}]}<\/script>\n<!-- \/ Yoast SEO plugin. -->","yoast_head_json":{"title":"Resilienz-Check - Alle im digitalen Wandel","robots":{"index":"index","follow":"follow","max-snippet":"max-snippet:-1","max-image-preview":"max-image-preview:large","max-video-preview":"max-video-preview:-1"},"canonical":"https:\/\/alle-im-digitalen-wandel.de\/home\/resilienz-check\/","og_locale":"de_DE","og_type":"article","og_title":"Resilienz-Check - Alle im digitalen Wandel","og_description":"Resilienz ist ein bew\u00e4hrtes Konzept zum Umgang mit Ver\u00e4nderungen und die Resilienzforschung untersucht u.a. die Qualit\u00e4t der Entwicklungsprozesse von Organisationen in dynamischen und komplexen Situationen. Resilienz wirkt zum einen als Grundlage f\u00fcr die Robustheit und die Widerstandskraft der Organisation (Resistenz). Sie f\u00f6rdert zum anderen die F\u00e4higkeit der Organisation sich wieder","og_url":"https:\/\/alle-im-digitalen-wandel.de\/home\/resilienz-check\/","og_site_name":"Alle im digitalen Wandel","article_modified_time":"2022-06-01T13:37:15+00:00","og_image":[{"url":"https:\/\/alle-im-digitalen-wandel.de\/wp-content\/uploads\/2019\/11\/Schenk_Logo.png"}],"twitter_card":"summary_large_image","twitter_misc":{"Gesch\u00e4tzte Lesezeit":"1\u00a0Minute"},"schema":{"@context":"https:\/\/schema.org","@graph":[{"@type":"WebPage","@id":"https:\/\/alle-im-digitalen-wandel.de\/home\/resilienz-check\/","url":"https:\/\/alle-im-digitalen-wandel.de\/home\/resilienz-check\/","name":"Resilienz-Check - Alle im digitalen Wandel","isPartOf":{"@id":"https:\/\/alle-im-digitalen-wandel.de\/home\/#website"},"datePublished":"2021-03-04T17:18:52+00:00","dateModified":"2022-06-01T13:37:15+00:00","breadcrumb":{"@id":"https:\/\/alle-im-digitalen-wandel.de\/home\/resilienz-check\/#breadcrumb"},"inLanguage":"de","potentialAction":[{"@type":"ReadAction","target":["https:\/\/alle-im-digitalen-wandel.de\/home\/resilienz-check\/"]}]},{"@type":"BreadcrumbList","@id":"https:\/\/alle-im-digitalen-wandel.de\/home\/resilienz-check\/#breadcrumb","itemListElement":[{"@type":"ListItem","position":1,"name":"Startseite","item":"https:\/\/alle-im-digitalen-wandel.de\/home\/"},{"@type":"ListItem","position":2,"name":"Resilienz-Check"}]},{"@type":"WebSite","@id":"https:\/\/alle-im-digitalen-wandel.de\/home\/#website","url":"https:\/\/alle-im-digitalen-wandel.de\/home\/","name":"Alle im digitalen Wandel","description":"Ein Projekt der Hochschule Darmstadt","publisher":{"@id":"https:\/\/alle-im-digitalen-wandel.de\/home\/#organization"},"potentialAction":[{"@type":"SearchAction","target":{"@type":"EntryPoint","urlTemplate":"https:\/\/alle-im-digitalen-wandel.de\/home\/?s={search_term_string}"},"query-input":"required name=search_term_string"}],"inLanguage":"de"},{"@type":"Organization","@id":"https:\/\/alle-im-digitalen-wandel.de\/home\/#organization","name":"Alle im digitalen Wandel","url":"https:\/\/alle-im-digitalen-wandel.de\/home\/","logo":{"@type":"ImageObject","inLanguage":"de","@id":"https:\/\/alle-im-digitalen-wandel.de\/home\/#\/schema\/logo\/image\/","url":"https:\/\/alle-im-digitalen-wandel.de\/wp-content\/uploads\/2020\/07\/cropped-Frame21.png","contentUrl":"https:\/\/alle-im-digitalen-wandel.de\/wp-content\/uploads\/2020\/07\/cropped-Frame21.png","width":1786,"height":782,"caption":"Alle im digitalen Wandel"},"image":{"@id":"https:\/\/alle-im-digitalen-wandel.de\/home\/#\/schema\/logo\/image\/"}}]}},"_links":{"self":[{"href":"https:\/\/alle-im-digitalen-wandel.de\/home\/wp-json\/wp\/v2\/pages\/1253"}],"collection":[{"href":"https:\/\/alle-im-digitalen-wandel.de\/home\/wp-json\/wp\/v2\/pages"}],"about":[{"href":"https:\/\/alle-im-digitalen-wandel.de\/home\/wp-json\/wp\/v2\/types\/page"}],"author":[{"embeddable":true,"href":"https:\/\/alle-im-digitalen-wandel.de\/home\/wp-json\/wp\/v2\/users\/1"}],"replies":[{"embeddable":true,"href":"https:\/\/alle-im-digitalen-wandel.de\/home\/wp-json\/wp\/v2\/comments?post=1253"}],"version-history":[{"count":6,"href":"https:\/\/alle-im-digitalen-wandel.de\/home\/wp-json\/wp\/v2\/pages\/1253\/revisions"}],"predecessor-version":[{"id":1374,"href":"https:\/\/alle-im-digitalen-wandel.de\/home\/wp-json\/wp\/v2\/pages\/1253\/revisions\/1374"}],"wp:attachment":[{"href":"https:\/\/alle-im-digitalen-wandel.de\/home\/wp-json\/wp\/v2\/media?parent=1253"}],"curies":[{"name":"wp","href":"https:\/\/api.w.org\/{rel}","templated":true}]}}

<p>Resilienz ist ein bewährtes Konzept zum Umgang mit Veränderungen und die Resilienzforschung untersucht u.a. die Qualität der Entwicklungsprozesse von Organisationen in dynamischen und komplexen Situationen.</p>



<p>Resilienz wirkt zum einen als Grundlage für die Robustheit und die Widerstandskraft der Organisation (<strong>Resistenz</strong>). Sie fördert zum anderen die Fähigkeit der Organisation sich wieder zu erholen – bspw. nach Phasen großer Belastungen und Anstrengungen (<strong>Regeneration</strong>). Und sie befähigt zudem die Organisation, sich neu auf zu stellen (<strong>Rekonfiguration</strong>). Resilienz unterstützt auf diese Weise auch sehr wirksam die Neugier, die Agilität und die Innovationskraft Ihrer Organisation. &nbsp;</p>



<p class="has-text-align-center"><strong>Machen Sie jetzt den</strong></p>



<div class="is-content-justification-center is-layout-flex wp-container-1 wp-block-buttons">
<div class="wp-block-button"><a class="wp-block-button__link has-luminous-vivid-orange-background-color has-background" href="https://survey.alle-im-digitalen-wandel.academy/index.php/447399?lang=de">Resilienz-Check</a></div>
</div>



<div class="is-layout-flex wp-container-4 wp-block-columns">
<div class="is-layout-flow wp-block-column" style="flex-basis:25%">
<p><a href="https://www.schenck.de" target="_blank" rel="noreferrer noopener"><img decoding="async" loading="lazy" width="150" height="150" class="wp-image-357" style="width: 100px;" src="https://alle-im-digitalen-wandel.de/wp-content/uploads/2019/11/Schenk_Logo.png" alt=""></a></p>
</div>



<div class="is-layout-flow wp-block-column" style="flex-basis:75%">
<p>Der Resilienz-Check wird Ihnen in Zusammenarbeit mit der <a rel="noreferrer noopener" href="http://schenck.de/" target="_blank" style="text-decoration: underline;">schenck.de AG</a> präsentiert &#8211; Ihrem Partner für E-Learning, elektronische Weiterbildungsprozesse und Distanzunterricht.</p>
</div>
</div>



<p></p>

<p>Resilienz ist ein bewährtes Konzept zum Umgang mit Veränderungen und die Resilienzforschung untersucht u.a. die Qualität der Entwicklungsprozesse von Organisationen in dynamischen und komplexen Situationen. Resilienz wirkt zum einen als Grundlage für die Robustheit und die Widerstandskraft der Organisation (Resistenz). Sie fördert zum anderen die Fähigkeit der Organisation sich wieder</p>

<!-- This site is optimized with the Yoast SEO plugin v19.11 - https://yoast.com/wordpress/plugins/seo/ -->
<title>Resilienz-Check - Alle im digitalen Wandel</title>
<meta name="robots" content="index, follow, max-snippet:-1, max-image-preview:large, max-video-preview:-1" />
<link rel="canonical" href="https://alle-im-digitalen-wandel.de/home/resilienz-check/" />
<meta property="og:locale" content="de_DE" />
<meta property="og:type" content="article" />
<meta property="og:title" content="Resilienz-Check - Alle im digitalen Wandel" />
<meta property="og:description" content="Resilienz ist ein bewährtes Konzept zum Umgang mit Veränderungen und die Resilienzforschung untersucht u.a. die Qualität der Entwicklungsprozesse von Organisationen in dynamischen und komplexen Situationen. Resilienz wirkt zum einen als Grundlage für die Robustheit und die Widerstandskraft der Organisation (Resistenz). Sie fördert zum anderen die Fähigkeit der Organisation sich wieder" />
<meta property="og:url" content="https://alle-im-digitalen-wandel.de/home/resilienz-check/" />
<meta property="og:site_name" content="Alle im digitalen Wandel" />
<meta property="article:modified_time" content="2022-06-01T13:37:15+00:00" />
<meta property="og:image" content="https://alle-im-digitalen-wandel.de/wp-content/uploads/2019/11/Schenk_Logo.png" />
<meta name="twitter:card" content="summary_large_image" />
<meta name="twitter:label1" content="Geschätzte Lesezeit" />
	<meta name="twitter:data1" content="1 Minute" />
<script type="application/ld+json" class="yoast-schema-graph">{"@context":"https://schema.org","@graph":[{"@type":"WebPage","@id":"https://alle-im-digitalen-wandel.de/home/resilienz-check/","url":"https://alle-im-digitalen-wandel.de/home/resilienz-check/","name":"Resilienz-Check - Alle im digitalen Wandel","isPartOf":{"@id":"https://alle-im-digitalen-wandel.de/home/#website"},"datePublished":"2021-03-04T17:18:52+00:00","dateModified":"2022-06-01T13:37:15+00:00","breadcrumb":{"@id":"https://alle-im-digitalen-wandel.de/home/resilienz-check/#breadcrumb"},"inLanguage":"de","potentialAction":[{"@type":"ReadAction","target":["https://alle-im-digitalen-wandel.de/home/resilienz-check/"]}]},{"@type":"BreadcrumbList","@id":"https://alle-im-digitalen-wandel.de/home/resilienz-check/#breadcrumb","itemListElement":[{"@type":"ListItem","position":1,"name":"Startseite","item":"https://alle-im-digitalen-wandel.de/home/"},{"@type":"ListItem","position":2,"name":"Resilienz-Check"}]},{"@type":"WebSite","@id":"https://alle-im-digitalen-wandel.de/home/#website","url":"https://alle-im-digitalen-wandel.de/home/","name":"Alle im digitalen Wandel","description":"Ein Projekt der Hochschule Darmstadt","publisher":{"@id":"https://alle-im-digitalen-wandel.de/home/#organization"},"potentialAction":[{"@type":"SearchAction","target":{"@type":"EntryPoint","urlTemplate":"https://alle-im-digitalen-wandel.de/home/?s={search_term_string}"},"query-input":"required name=search_term_string"}],"inLanguage":"de"},{"@type":"Organization","@id":"https://alle-im-digitalen-wandel.de/home/#organization","name":"Alle im digitalen Wandel","url":"https://alle-im-digitalen-wandel.de/home/","logo":{"@type":"ImageObject","inLanguage":"de","@id":"https://alle-im-digitalen-wandel.de/home/#/schema/logo/image/","url":"https://alle-im-digitalen-wandel.de/wp-content/uploads/2020/07/cropped-Frame21.png","contentUrl":"https://alle-im-digitalen-wandel.de/wp-content/uploads/2020/07/cropped-Frame21.png","width":1786,"height":782,"caption":"Alle im digitalen Wandel"},"image":{"@id":"https://alle-im-digitalen-wandel.de/home/#/schema/logo/image/"}}]}</script>
<!-- / Yoast SEO plugin. -->

Resilienz ist ein bewährtes Konzept zum Umgang mit Veränderungen und die Resilienzforschung untersucht u.a. die Qualität der Entwicklungsprozesse von Organisationen in dynamischen und komplexen Situationen. Resilienz wirkt zum einen als Grundlage für die Robustheit und die Widerstandskraft der Organisation (Resistenz). Sie fördert zum anderen die Fähigkeit der Organisation sich wieder
