{"version":"1.0","provider_name":"Alle im digitalen Wandel","provider_url":"https:\/\/alle-im-digitalen-wandel.de\/home","author_name":"admin","author_url":"https:\/\/alle-im-digitalen-wandel.de\/home\/author\/admin\/","title":"Fundst\u00fccke, Juli 2019 - Alle im digitalen Wandel","type":"rich","width":600,"height":338,"html":"<blockquote class=\"wp-embedded-content\" data-secret=\"EQ4CwonQPI\"><a href=\"https:\/\/alle-im-digitalen-wandel.de\/home\/fundstuecke-juli-2019\/\">Fundst\u00fccke, Juli 2019<\/a><\/blockquote><iframe sandbox=\"allow-scripts\" security=\"restricted\" src=\"https:\/\/alle-im-digitalen-wandel.de\/home\/fundstuecke-juli-2019\/embed\/#?secret=EQ4CwonQPI\" width=\"600\" height=\"338\" title=\"&#8222;Fundst\u00fccke, Juli 2019&#8220; &#8211; Alle im digitalen Wandel\" data-secret=\"EQ4CwonQPI\" frameborder=\"0\" marginwidth=\"0\" marginheight=\"0\" scrolling=\"no\" class=\"wp-embedded-content\"><\/iframe><script type=\"text\/javascript\">\n\/*! This file is auto-generated *\/\n!function(c,d){\"use strict\";var e=!1,o=!1;if(d.querySelector)if(c.addEventListener)e=!0;if(c.wp=c.wp||{},c.wp.receiveEmbedMessage);else if(c.wp.receiveEmbedMessage=function(e){var t=e.data;if(!t);else if(!(t.secret||t.message||t.value));else if(\/[^a-zA-Z0-9]\/.test(t.secret));else{for(var r,s,a,i=d.querySelectorAll('iframe[data-secret=\"'+t.secret+'\"]'),n=d.querySelectorAll('blockquote[data-secret=\"'+t.secret+'\"]'),o=new RegExp(\"^https?:$\",\"i\"),l=0;l<n.length;l++)n[l].style.display=\"none\";for(l=0;l<i.length;l++)if(r=i[l],e.source!==r.contentWindow);else{if(r.removeAttribute(\"style\"),\"height\"===t.message){if(1e3<(s=parseInt(t.value,10)))s=1e3;else if(~~s<200)s=200;r.height=s}if(\"link\"===t.message)if(s=d.createElement(\"a\"),a=d.createElement(\"a\"),s.href=r.getAttribute(\"src\"),a.href=t.value,!o.test(a.protocol));else if(a.host===s.host)if(d.activeElement===r)c.top.location.href=t.value}}},e)c.addEventListener(\"message\",c.wp.receiveEmbedMessage,!1),d.addEventListener(\"DOMContentLoaded\",t,!1),c.addEventListener(\"load\",t,!1);function t(){if(o);else{o=!0;for(var e,t,r,s=-1!==navigator.appVersion.indexOf(\"MSIE 10\"),a=!!navigator.userAgent.match(\/Trident.*rv:11\\.\/),i=d.querySelectorAll(\"iframe.wp-embedded-content\"),n=0;n<i.length;n++){if(!(r=(t=i[n]).getAttribute(\"data-secret\")))r=Math.random().toString(36).substr(2,10),t.src+=\"#?secret=\"+r,t.setAttribute(\"data-secret\",r);if(s||a)(e=t.cloneNode(!0)).removeAttribute(\"security\"),t.parentNode.replaceChild(e,t);t.contentWindow.postMessage({message:\"ready\",secret:r},\"*\")}}}}(window,document);\n<\/script>\n","thumbnail_url":"https:\/\/alle-im-digitalen-wandel.de\/wp-content\/uploads\/2019\/09\/austin-distel-rxpThOwuVgE-unsplash-1024x576.jpg","thumbnail_width":1024,"thumbnail_height":576,"description":"Nationale Weiterbildungsstrategie. Hrsg. von Bundesministerium f\u00fcr Arbeit und Soziales (BMAS) und Bundesministerium f\u00fcr Bildung und Forschung (BMBF), Juni 2019 (23 S.) Zehn Handlungsziele werden formuliert und mit konkreten Ma\u00dfnahmen verbunden. Im Zentrum steht der Ruf nach einer neuen Weiterbildungskultur in Deutschland, \u201edie Weiterbildung als selbstverst\u00e4ndlichen Teil des Lebens versteht\u201c."}

Fundstücke, Juli 2019 - Alle im digitalen Wandel

<blockquote class="wp-embedded-content" data-secret="EQ4CwonQPI"><a href="https://alle-im-digitalen-wandel.de/home/fundstuecke-juli-2019/">Fundstücke, Juli 2019</a></blockquote><iframe sandbox="allow-scripts" security="restricted" src="https://alle-im-digitalen-wandel.de/home/fundstuecke-juli-2019/embed/#?secret=EQ4CwonQPI" width="600" height="338" title="&#8222;Fundstücke, Juli 2019&#8220; &#8211; Alle im digitalen Wandel" data-secret="EQ4CwonQPI" frameborder="0" marginwidth="0" marginheight="0" scrolling="no" class="wp-embedded-content"></iframe><script type="text/javascript">
/*! This file is auto-generated */
!function(c,d){"use strict";var e=!1,o=!1;if(d.querySelector)if(c.addEventListener)e=!0;if(c.wp=c.wp||{},c.wp.receiveEmbedMessage);else if(c.wp.receiveEmbedMessage=function(e){var t=e.data;if(!t);else if(!(t.secret||t.message||t.value));else if(/[^a-zA-Z0-9]/.test(t.secret));else{for(var r,s,a,i=d.querySelectorAll('iframe[data-secret="'+t.secret+'"]'),n=d.querySelectorAll('blockquote[data-secret="'+t.secret+'"]'),o=new RegExp("^https?:$","i"),l=0;l<n.length;l++)n[l].style.display="none";for(l=0;l<i.length;l++)if(r=i[l],e.source!==r.contentWindow);else{if(r.removeAttribute("style"),"height"===t.message){if(1e3<(s=parseInt(t.value,10)))s=1e3;else if(~~s<200)s=200;r.height=s}if("link"===t.message)if(s=d.createElement("a"),a=d.createElement("a"),s.href=r.getAttribute("src"),a.href=t.value,!o.test(a.protocol));else if(a.host===s.host)if(d.activeElement===r)c.top.location.href=t.value}}},e)c.addEventListener("message",c.wp.receiveEmbedMessage,!1),d.addEventListener("DOMContentLoaded",t,!1),c.addEventListener("load",t,!1);function t(){if(o);else{o=!0;for(var e,t,r,s=-1!==navigator.appVersion.indexOf("MSIE 10"),a=!!navigator.userAgent.match(/Trident.*rv:11\./),i=d.querySelectorAll("iframe.wp-embedded-content"),n=0;n<i.length;n++){if(!(r=(t=i[n]).getAttribute("data-secret")))r=Math.random().toString(36).substr(2,10),t.src+="#?secret="+r,t.setAttribute("data-secret",r);if(s||a)(e=t.cloneNode(!0)).removeAttribute("security"),t.parentNode.replaceChild(e,t);t.contentWindow.postMessage({message:"ready",secret:r},"*")}}}}(window,document);
</script>

Nationale Weiterbildungsstrategie. Hrsg. von Bundesministerium für Arbeit und Soziales (BMAS) und Bundesministerium für Bildung und Forschung (BMBF), Juni 2019 (23 S.) Zehn Handlungsziele werden formuliert und mit konkreten Maßnahmen verbunden. Im Zentrum steht der Ruf nach einer neuen Weiterbildungskultur in Deutschland, „die Weiterbildung als selbstverständlichen Teil des Lebens versteht“.
