{"version":"1.0","provider_name":"Alle im digitalen Wandel","provider_url":"https:\/\/alle-im-digitalen-wandel.de\/home","author_name":"admin","author_url":"https:\/\/alle-im-digitalen-wandel.de\/home\/author\/admin\/","title":"Abschlussveranstaltung am 02.11.2021 - Alle im digitalen Wandel","type":"rich","width":600,"height":338,"html":"<blockquote class=\"wp-embedded-content\" data-secret=\"MV1Xt0e2Ae\"><a href=\"https:\/\/alle-im-digitalen-wandel.de\/home\/abschlussveranstaltung-am-02-11-2021\/\">Abschlussveranstaltung am 02.11.2021<\/a><\/blockquote><iframe sandbox=\"allow-scripts\" security=\"restricted\" src=\"https:\/\/alle-im-digitalen-wandel.de\/home\/abschlussveranstaltung-am-02-11-2021\/embed\/#?secret=MV1Xt0e2Ae\" width=\"600\" height=\"338\" title=\"&#8222;Abschlussveranstaltung am 02.11.2021&#8220; &#8211; Alle im digitalen Wandel\" data-secret=\"MV1Xt0e2Ae\" frameborder=\"0\" marginwidth=\"0\" marginheight=\"0\" scrolling=\"no\" class=\"wp-embedded-content\"><\/iframe><script type=\"text\/javascript\">\n\/*! This file is auto-generated *\/\n!function(c,d){\"use strict\";var e=!1,o=!1;if(d.querySelector)if(c.addEventListener)e=!0;if(c.wp=c.wp||{},c.wp.receiveEmbedMessage);else if(c.wp.receiveEmbedMessage=function(e){var t=e.data;if(!t);else if(!(t.secret||t.message||t.value));else if(\/[^a-zA-Z0-9]\/.test(t.secret));else{for(var r,s,a,i=d.querySelectorAll('iframe[data-secret=\"'+t.secret+'\"]'),n=d.querySelectorAll('blockquote[data-secret=\"'+t.secret+'\"]'),o=new RegExp(\"^https?:$\",\"i\"),l=0;l<n.length;l++)n[l].style.display=\"none\";for(l=0;l<i.length;l++)if(r=i[l],e.source!==r.contentWindow);else{if(r.removeAttribute(\"style\"),\"height\"===t.message){if(1e3<(s=parseInt(t.value,10)))s=1e3;else if(~~s<200)s=200;r.height=s}if(\"link\"===t.message)if(s=d.createElement(\"a\"),a=d.createElement(\"a\"),s.href=r.getAttribute(\"src\"),a.href=t.value,!o.test(a.protocol));else if(a.host===s.host)if(d.activeElement===r)c.top.location.href=t.value}}},e)c.addEventListener(\"message\",c.wp.receiveEmbedMessage,!1),d.addEventListener(\"DOMContentLoaded\",t,!1),c.addEventListener(\"load\",t,!1);function t(){if(o);else{o=!0;for(var e,t,r,s=-1!==navigator.appVersion.indexOf(\"MSIE 10\"),a=!!navigator.userAgent.match(\/Trident.*rv:11\\.\/),i=d.querySelectorAll(\"iframe.wp-embedded-content\"),n=0;n<i.length;n++){if(!(r=(t=i[n]).getAttribute(\"data-secret\")))r=Math.random().toString(36).substr(2,10),t.src+=\"#?secret=\"+r,t.setAttribute(\"data-secret\",r);if(s||a)(e=t.cloneNode(!0)).removeAttribute(\"security\"),t.parentNode.replaceChild(e,t);t.contentWindow.postMessage({message:\"ready\",secret:r},\"*\")}}}}(window,document);\n<\/script>\n","thumbnail_url":"https:\/\/alle-im-digitalen-wandel.de\/wp-content\/uploads\/2019\/11\/Space_img.png","thumbnail_width":1424,"thumbnail_height":1249,"description":"Abschlussveranstaltung am 02.11.2021 Anfang 2019 startete das Projekt \u201eALLE im digitalen Wandel\u201c als eines von 17 Experimentierr\u00e4umen des Bundesministerium f\u00fcr Arbeit und Soziales (BMAS) in Zusammenarbeit mit der Initiative Neue Qualit\u00e4t der Arbeit. Gemeinsam mit einem Partnernetzwerk bestehend aus sechs ganz unterschiedlichen Unternehmen* haben wir die Herausforderungen untersucht, die die"}

Abschlussveranstaltung am 02.11.2021 Anfang 2019 startete das Projekt „ALLE im digitalen Wandel“ als eines von 17 Experimentierräumen des Bundesministerium für Arbeit und Soziales (BMAS) in Zusammenarbeit mit der Initiative Neue Qualität der Arbeit. Gemeinsam mit einem Partnernetzwerk bestehend aus sechs ganz unterschiedlichen Unternehmen* haben wir die Herausforderungen untersucht, die die
